t j(u) = -2*u**2 - 22*u - 36. Let b be j(-10). What is the tens digit of (-104)/b - 6 - (-119)/2?
6
Suppose -m + 8*m = 30989. Suppose 3*y - 4*t = 5272, -4*y = -3*t - m - 2614. What is the thousands digit of y?
1
Let o = -1 - 73. What is the tens digit of o/333 - (-659)/9?
7
What is the hundreds digit of -4 + 11 - (-3)/(-6)*-17234?
6
Let a(r) be the second derivative of -1/20*r**5 + 1/2*r**2 - 2*r**3 + 0 + r + 11/12*r**4. What is the tens digit of a(8)?
9
Let o = -201 + 203. What is the hundreds digit of (-11)/(-3)*3/o*30?
1
Suppose 0 = -6*h - 5860 + 23422. Suppose -4*g + q + 342 + h = 0, 3*g - q - 2453 = 0. What is the units digit of g?
6
Let h(q) = 3*q**2 - 120*q + 819. What is the units digit of h(62)?
1
Suppose -8*o + 402 = -4*o - 2*y, 4*o - y - 407 = 0. Let t = o - -1453. What is the thousands digit of t?
1
Let j(g) = 8*g**3 + 18*g**2 + 73*g - 879. What is the thousands digit of j(16)?
7
Let o = 9496 - -1480. What is the units digit of o/26 + (-60)/390?
2
Let l be (-2)/4 + (-151)/2. Suppose 1013*z - 2235 = 998*z. Let v = l + z. What is the units digit of v?
3
Let t(y) = 74408*y**3 - 2*y**2 + 46*y - 44. What is the tens digit of t(1)?
0
Let c(k) = -21*k**3 + 3*k**2 - 4*k - 8. Let a be c(-2). Let z = a + 192. What is the hundreds digit of z?
3
Let p = 225 + -212. Suppose p*a = 287 + 2573. What is the units digit of a?
0
Let b(w) = w - 3. Suppose 0 = 4*h + 4*g - 32, h - 2*g - 3 = -4. Let k be b(h). What is the tens digit of 1 - (30/k)/((-9)/18)?
3
Suppose 4951 = 4*r - 12*r + 59943. What is the tens digit of r?
7
Let w(f) = 1725*f**2 - 13*f + 23. What is the units digit of w(2)?
7
Let l = -7523 - -3923. What is the tens digit of l/270*(-30)/4?
0
Let t(i) = -i**2 - 38*i - 351. Let n be t(-17). Let m be 1 - (1*-2 - 210). Suppose -195 = -n*c + m. What is the tens digit of c?
6
Suppose w - 3*s = -51, -5*w + 2*s - 58 = 145. Let n(p) = -p**2 - 42*p - 39. What is the units digit of n(w)?
8
Let w = -401 + 414. Suppose -w*p = -16462 + 5113. What is the tens digit of p?
7
Suppose -19*n - 2*k + 16894 = -15*n, -k = -5*n + 21128. What is the tens digit of n?
2
Let d be 36 - (8/(-3))/((-28)/42). Suppose 6529 + 4063 = d*q. What is the units digit of q?
1
Suppose j + 22 = 12*j. Suppose 113 = 4*l - 3*v, 0 = 4*l - 3*v - j*v - 111. What is the tens digit of l?
2
Suppose -1099*q = -1127*q + 939344. What is the ten thousands digit of q?
3
Suppose 3*r = 5*k + 244, -4*r + k = -3*r - 80. Let z = 108 - r. What is the units digit of z?
0
Suppose -j = -5*j + 88. Suppose 5*h - 2*v + 7 = 0, -2*h + 0*h - 4*v = j. What is the units digit of ((-44)/h)/2*12?
8
Let k = -487 - -996. What is the hundreds digit of k?
5
What is the hundreds digit of ((-45008)/6)/(14/(-21))?
2
Let s(y) = -10 + 2*y - 8*y + y. Suppose 4*t + 8 - 53 = 5*i, i - 5*t = -9. What is the units digit of s(i)?
5
Suppose 126 + 449 = -23*f. What is the tens digit of (-10)/4*(f + 7)?
4
Let y(d) = 322*d**3 + 4*d**2 + 18*d - 46. What is the units digit of y(2)?
2
Suppose 305*k + 7690202 - 19717572 = 0. What is the units digit of k?
4
Let p = 28044 - 7753. What is the tens digit of p?
9
Suppose 0 = -8*g + 13*g + 2220. Let o = g + 623. What is the units digit of o?
9
Suppose -17*x - 72033 = -4*p - 20*x, -3*p + 2*x = -54046. What is the hundreds digit of ((-4)/(-6))/(19/p)?
6
Let n(h) = -3*h - 4. Let u be n(-2). What is the hundreds digit of 0 + (309/u)/((-4)/(-24))?
9
Suppose 0 = -7*y + 29*y + 66. Let d(a) = -12*a**3 + a**2 - 5*a - 23. What is the tens digit of d(y)?
2
What is the tens digit of 1 + 4 + -2 + -2 + -4 + 51308?
0
Let x(a) = a**2 - 3*a - 6. Let d be x(-6). Let h = -2 + 5. Suppose -d = h*y - 459. What is the tens digit of y?
3
Suppose -66 = -2*h - 114. Let l be 1559/7 + (h/14 - -2). Let w = -154 + l. What is the tens digit of w?
6
Suppose 3*l + 12 = 6*l. Let n(t) = t + 13. Let s be n(-8). Suppose -943 = -l*f + s*a - 311, 467 = 3*f - 2*a. What is the units digit of f?
3
Suppose 2*z - 65330 = -4*v, 7*v - 5*v = z + 32659. What is the hundreds digit of v?
3
Let j = 14 + -34. Let a = 14 + j. What is the units digit of a/15 + 84/10?
8
Let l be -7 + -1 + (-4312)/(-11). Suppose -4*m + 2750 = -3*i - l, 5*m + i = 3927. What is the units digit of m?
5
Suppose -x - 9 = -45. Let m = x + -34. Suppose c = m*c + 2*v - 124, -c - 5*v = -121. What is the tens digit of c?
2
Let r be 8/2*(8 + -6). Let c be 4222/16 - 4/(-32). Suppose c = -2*o + r*o. What is the tens digit of o?
4
Let y be (-12)/4 - (-4 + 4665/5). Let l = 1321 + y. What is the hundreds digit of l?
3
Suppose 7 = 3*t - 14. Suppose 4*v - 77 = -t*v. What is the units digit of (42/10)/(((-7)/(-10))/v)?
2
Let v(g) = 12*g**2 - 15*g - 60. Let d(q) = -35*q**2 + 45*q + 179. Let u(b) = -3*d(b) - 8*v(b). What is the units digit of u(9)?
7
Suppose -69786 = 13*j - 14510. Let q = -2739 - j. What is the units digit of q?
3
Let y = 42 - 20. Let k = -10 + y. Suppose 215 = -7*z + k*z. What is the units digit of z?
3
Suppose -5*f - j + 31 = -3*j, -5*j = -f + 20. Suppose -5*s = -2*r + 137, -2*s = -f*r - 3*s + 410. What is the units digit of (-6 + r/6)*144/10?
8
Let g = -321 + 76. Let i = g - -252. What is the units digit of i?
7
Let d(j) = 737*j**2 - 20*j + 41. What is the thousands digit of d(3)?
6
Suppose 3*s - 10356 = 1308. What is the thousands digit of s?
3
Let a = 23307 - 16058. What is the thousands digit of a?
7
Let a = 73 + 2067. What is the hundreds digit of a?
1
Suppose 234 = -19*o + 310. Let q be 4 - (6/3 + -2). Suppose q*p = -o*k + 128, -4*k = -5*p + 6*p - 41. What is the units digit of p?
9
Let z(b) = 2*b - 42. Suppose 2*n - 48 = -4*r, n = -n + 4*r + 40. Let s be z(n). Suppose 4*l - 118 + 306 = s*c, -2*c + 174 = 3*l. What is the tens digit of c?
9
Let w(v) = 5159*v**3 - 19*v**2 + 21*v - 2. What is the units digit of w(1)?
9
Let k(r) = -6 + 149*r - 165*r + 60. What is the hundreds digit of k(-14)?
2
Let s(m) be the third derivative of -m**4/24 + 11*m**3/6 - 7*m**2. Let b be s(6). Suppose -240 = -b*r + 135. What is the tens digit of r?
7
What is the thousands digit of 13622 + (-42)/(-8) + 99/(-396)?
3
Let z(g) = -2*g**2 + g + 3. Let d be z(0). Suppose -5*c = 3*j + 515 - 1496, -1005 = -3*j + d*c. What is the tens digit of j?
3
Let h be (-2)/(2 - (-64)/(-30)). Suppose 9 + 9 = 2*v + 4*m, 5*v - h = 5*m. Suppose 52 = f - v. What is the units digit of f?
7
What is the ten thousands digit of (-66327)/((5 - (-78)/(-12))*2)?
2
Suppose 4 = -o + 5*o. Let x(v) = 132*v**2 + 5*v + 18. Let l(j) = 395*j**2 + 14*j + 49. Let s(g) = 4*l(g) - 11*x(g). What is the hundreds digit of s(o)?
1
What is the units digit of 6*(-7)/84 - (-2)/((-4)/(-34779))?
9
Suppose 0 = -3*m - r + 52657, 9*m - 52655 = 6*m - 2*r. What is the ten thousands digit of m?
1
Let d(m) = m**3 + 17*m**2 + 24*m + 35. Let v be d(-16). Let a = 207 + v. What is the units digit of a?
4
Suppose -3*f = 2*z - 206, -3*z + 3*f + 448 = z. Let j = z + 101. What is the tens digit of j?
1
Let n(c) = -326*c - 8 + 11*c**2 + 634*c - c**3 - 317*c. What is the units digit of n(8)?
2
Suppose 9 = 23*b + 9. Suppose -o + 2081 - 297 = b. What is the hundreds digit of o?
7
Let k be (-3)/(-6) + 49/(-2). Let g be (2/4 - 0) + 12/k. Suppose g = -2*x + 52 - 8. What is the units digit of x?
2
Suppose -10*b = -23446 - 11724. What is the hundreds digit of b?
5
Let o be 2894/42 - 4/(-42). Let z = 315 - o. What is the units digit of z?
6
Suppose 14*l - 3*l + 132 = 0. Let t be (5 - (-8)/l)*-3. Let o = t + 141. What is the tens digit of o?
2
Suppose -3*w + 210 = -3*n - 0*w, 0 = 4*n + 2*w + 250. Suppose d = -3*d - 432. Let h = n - d. What is the tens digit of h?
4
Suppose -276 + 51 = -9*v. Let x = v + -25. Suppose x = -f - 6*f + 735. What is the hundreds digit of f?
1
Suppose 4*g - 41 + 13 = 0. What is the units digit of 2538/21 + 1/g?
1
Suppose -5*o + 30610 = 5*h, -2*h - 7*o = -8*o - 12265. What is the tens digit of h?
2
Let t be (-1080)/(-96)*(-16)/6. What is the thousands digit of (2234 - t)*(-1)/(-2)?
1
Suppose -z + 5*z = 5*q - 216, 0 = -5*q. Let m be ((-4)/3 - -1)/(9/z). Suppose 2*a - 95 - 21 = m*f, 2*a = 3*f + 111. What is the units digit of a?
3
Suppose -4*a + 271 = 4*l - 313, 3*a - 5*l = 422. Let g = a + 70. What is the hundreds digit of g?
2
Suppose -374 = 11*c + 4774. Let b = 713 + c. What is the hundreds digit of b?
2
Suppose -118*y + 450213 + 15